{"id":1577,"date":"2026-05-06T23:23:56","date_gmt":"2026-05-06T21:23:56","guid":{"rendered":"https:\/\/mehdi.gvision.pm\/\/?post_type=product&#038;p=1577"},"modified":"2026-05-07T03:25:06","modified_gmt":"2026-05-07T01:25:06","slug":"mais-snack-besler-100-naturel","status":"publish","type":"product","link":"https:\/\/mehdi.gvision.pm\/?product=mais-snack-besler-100-naturel","title":{"rendered":"Ma\u00efs snack Besler \u2013 100% naturel"},"content":{"rendered":"","protected":false},"excerpt":{"rendered":"<p class=\"font-claude-response-body break-words whitespace-normal leading-[1.7]\">Le ma\u00efs snack Besler est cultiv\u00e9 naturellement, sans engrais chimiques ni pesticides, pour vous offrir une collation croustillante, savoureuse et nutritive. Riche en fibres, en antioxydants et en vitamines B, il constitue un snack id\u00e9al pour toute la journ\u00e9e. Parfait seul, en garniture de salades ou comme accompagnement, il apporte du croquant et de l&#8217;\u00e9nergie \u00e0 chaque bouch\u00e9e.<\/p>\n<p class=\"font-claude-response-body break-words whitespace-normal leading-[1.7]\"><strong>Bienfaits :<\/strong><\/p>\n<ul class=\"[li_&amp;]:mb-0 [li_&amp;]:mt-1 [li_&amp;]:gap-1 [&amp;:not(:last-child)_ul]:pb-1 [&amp;:not(:last-child)_ol]:pb-1 list-disc flex flex-col gap-1 pl-8 mb-3\">\n<li class=\"whitespace-normal break-words pl-2\">Riche en fibres pour une bonne digestion et une sati\u00e9t\u00e9 durable<\/li>\n<li class=\"whitespace-normal break-words pl-2\">Source d&#8217;antioxydants et de vitamines B pour l&#8217;\u00e9nergie et la sant\u00e9 c\u00e9r\u00e9brale<\/li>\n<li class=\"whitespace-normal break-words pl-2\">Contient des carot\u00e9no\u00efdes b\u00e9n\u00e9fiques pour la sant\u00e9 des yeux<\/li>\n<li class=\"whitespace-normal break-words pl-2\">Soutient la sant\u00e9 cardiovasculaire<\/li>\n<\/ul>\n<p class=\"font-claude-response-body break-words whitespace-normal leading-[1.7]\"><strong>Informations nutritionnelles (pour 100g) :<\/strong><\/p>\n<ul class=\"[li_&amp;]:mb-0 [li_&amp;]:mt-1 [li_&amp;]:gap-1 [&amp;:not(:last-child)_ul]:pb-1 [&amp;:not(:last-child)_ol]:pb-1 list-disc flex flex-col gap-1 pl-8 mb-3\">\n<li class=\"whitespace-normal break-words pl-2\">\u00c9nergie : 1698 kJ \/ 401 kcal<\/li>\n<li class=\"whitespace-normal break-words pl-2\">Lipides : 8,4 g dont graisses satur\u00e9es : 3,7 g<\/li>\n<li class=\"whitespace-normal break-words pl-2\">Glucides : 77 g dont sucres : 3,4 g<\/li>\n<li class=\"whitespace-normal break-words pl-2\">Prot\u00e9ines : 7,0 g<\/li>\n<li class=\"whitespace-normal break-words pl-2\">Sel : 5,6 g<\/li>\n<\/ul>\n<p class=\"font-claude-response-body break-words whitespace-normal leading-[1.7]\">Sans additifs ni conservateurs \u2014 100% naturel \u2014 Conserver dans un endroit frais, sec et \u00e0 l&#8217;abri de la lumi\u00e8re dans un contenant herm\u00e9tique.<\/p>\n","protected":false},"featured_media":1578,"comment_status":"open","ping_status":"closed","template":"","meta":[],"product_brand":[95],"product_cat":[98],"product_tag":[],"class_list":{"0":"post-1577","1":"product","2":"type-product","3":"status-publish","4":"has-post-thumbnail","6":"product_brand-besler","7":"product_cat-snacks-fruits-secs","9":"first","10":"instock","11":"taxable","12":"shipping-taxable","13":"product-type-simple"},"_links":{"self":[{"href":"https:\/\/mehdi.gvision.pm\/index.php?rest_route=\/wp\/v2\/product\/1577","targetHints":{"allow":["GET"]}}],"collection":[{"href":"https:\/\/mehdi.gvision.pm\/index.php?rest_route=\/wp\/v2\/product"}],"about":[{"href":"https:\/\/mehdi.gvision.pm\/index.php?rest_route=\/wp\/v2\/types\/product"}],"replies":[{"embeddable":true,"href":"https:\/\/mehdi.gvision.pm\/index.php?rest_route=%2Fwp%2Fv2%2Fcomments&post=1577"}],"version-history":[{"count":1,"href":"https:\/\/mehdi.gvision.pm\/index.php?rest_route=\/wp\/v2\/product\/1577\/revisions"}],"predecessor-version":[{"id":1579,"href":"https:\/\/mehdi.gvision.pm\/index.php?rest_route=\/wp\/v2\/product\/1577\/revisions\/1579"}],"wp:featuredmedia":[{"embeddable":true,"href":"https:\/\/mehdi.gvision.pm\/index.php?rest_route=\/wp\/v2\/media\/1578"}],"wp:attachment":[{"href":"https:\/\/mehdi.gvision.pm\/index.php?rest_route=%2Fwp%2Fv2%2Fmedia&parent=1577"}],"wp:term":[{"taxonomy":"product_brand","embeddable":true,"href":"https:\/\/mehdi.gvision.pm\/index.php?rest_route=%2Fwp%2Fv2%2Fproduct_brand&post=1577"},{"taxonomy":"product_cat","embeddable":true,"href":"https:\/\/mehdi.gvision.pm\/index.php?rest_route=%2Fwp%2Fv2%2Fproduct_cat&post=1577"},{"taxonomy":"product_tag","embeddable":true,"href":"https:\/\/mehdi.gvision.pm\/index.php?rest_route=%2Fwp%2Fv2%2Fproduct_tag&post=1577"}],"curies":[{"name":"wp","href":"https:\/\/api.w.org\/{rel}","templated":true}]}}